-5*a + 4*a - 2*k, -x*k - 6 = 0. Let f(z) be the first derivative of z**3/3 - 3*z**2/2 - 2*z - 1. Determine f(a).
-2
Let o(p) = -3*p**3 + 10*p**2 - 2*p. Let h(q) = -4*q**3 + 11*q**2 - 3*q. Let d(c) = -4*h(c) + 5*o(c). Calculate d(-6).
-12
Let p(z) be the third derivative of z**4/24 - 2*z**3/3 - z**2. Let m(n) = -2*n + 2. Let t be m(-2). Let h be t/(-9)*9/(-2). Determine p(h).
-1
Let v(c) be the second derivative of c**5/20 - c**4/4 - 7*c**3/6 + 2*c**2 + 5*c. Give v(5).
19
Let i(h) = h**2 - 14*h - 24. Let w be i(16). Let s(u) = -3*u + 11. Determine s(w).
-13
Let q(h) = 0*h + 29 + h - 35. Determine q(5).
-1
Suppose -t + 3 = -0. Let b(o) = -t - 4*o + o + o + o**2. Suppose 0 = 17*y + 9*y - 78. Calculate b(y).
0
Let z(n) = -4*n**3 + 1. Suppose 3*s = -2*s - 3*t + 7, 3*t - 11 = -s. What is z(s)?
5
Let q(w) = w**3 - 8*w**2 + 8*w. Suppose 3*d - m = 17, -2*d = 2*m - m - 18. Calculate q(d).
7
Let f(d) = -18*d + d**2 + 3 + 0 + 13*d. Give f(6).
9
Let r(i) = -i - 15. Let k be r(-13). Let p = k - 2. Let t(d) = d**3 + 5*d**2 + 6*d + 3. Give t(p).
-5
Let r(n) = n**3 - 2*n**2 - 8*n + 1. Let m be r(4). Let o be (-6)/(-10) - 2/(-5). Let v(b) = o + 0 - 2*b + 3*b. Give v(m).
2
Let a(i) = -6*i**3 + i. Suppose 0 = -b + 5*b. Suppose 2*t + b = -2. Give a(t).
5
Let t(c) = 12*c**3 + c**2 - 2*c + 1. Suppose -3*v = -8*v + 5. What is t(v)?
12
Suppose 30 = -3*g + 6. Let r(v) = v**2 + 7*v - 6. Let s be r(g). Let p(w) = -1 - 2*w + 3*w**3 - 2*w**3 + 0 - 2*w**2. Calculate p(s).
-5
Let y(z) be the third derivative of z**4/3 - z**3/2 - 37*z**2. Calculate y(3).
21
Let g be 12/8 + (-11)/2. Let p(l) = -l**3 - 5*l**2 - 4*l - 2. What is p(g)?
-2
Let g(p) = -p**3 + 4*p**2 - p - 2. Let w be -2 + 0/(-2) - -2. Let m(q) be the third derivative of q**4/24 + q**3/3 + 3*q**2. Let i be m(w). Determine g(i).
4
Let x(u) be the second derivative of -u**3 - u**2/2 - 32*u. Determine x(3).
-19
Let t(w) = -11*w**2 + 9*w - 16. Let h be (-4 + -1)*-1*1. Let x(s) = 0*s - h*s**2 + 4*s - 13 + 5. Let p(l) = -4*t(l) + 9*x(l). What is p(0)?
-8
Suppose 2 - 6 = -i. Let g = -27 - -31. Suppose 0 = i*v + g, -2*k + 2*v + 1 = 3. Let x(h) = -2*h**2 - 4*h - 2. Give x(k).
-2
Let b(g) = 19*g + 2. Let q(a) = 9*a + 1. Let r(z) = -3*b(z) + 5*q(z). Give r(-1).
11
Suppose 0 = -4*q - 20, 2*q = -0*k - k - 14. Let p(l) = 14 - 6 - 4 + l - 2*l**3 + l**3 - 4*l**2. Let z be p(k). Let x(j) = -j**2 - j - 8. What is x(z)?
-8
Let k(y) = -y**2 - 10*y - 9. Let d(r) = r**3 + 6*r**2 + 10*r + 17. Let h be d(-5). What is k(h)?
7
Let w(q) = q. Let h(i) = -i**3 - 6*i**2 - 7*i - 3. Let g(o) = h(o) + 5*w(o). Suppose 2*t + 4 = -8. What is g(t)?
9
Let v(q) = 6*q + 3*q**3 + 2*q**2 - 19*q - 5*q**2 + 17*q - 4*q**3. Suppose 0 = 4*y + 9 + 7. What is v(y)?
0
Let v = -11 - -20. Suppose -z - 4*z = -4*k + v, -20 = 4*z. Let m(r) be the second derivative of r**4/12 + r**3 + r**2/2 - r. Calculate m(k).
-7
Let l(t) be the third derivative of 9*t**2 + 0 + 1/24*t**4 - 1/3*t**3 + 0*t. Determine l(4).
2
Let c = 7 - 7. Let w(k) = k - 1. Calculate w(c).
-1
Let j(g) = -5*g + 1. Let m(l) be the first derivative of l**2/2 - l - 1. Let w(a) = j(a) + 4*m(a). Let v(p) = -1. Let k(c) = -2*v(c) + 2*w(c). Determine k(-5).
6
Let j(n) = -6*n**2 - n + 1. Suppose 5*t = -2*c + 4*t + 2, -2*t = 2*c - 2. Determine j(c).
-6
Let y be 1/(2/(-4) - -1). Let c(g) = 11*g**2 - 2*g - 7. Let x(b) = -15*b**2 + 3*b + 9. Let z(m) = -5*c(m) - 4*x(m). Give z(y).
15
Let q(i) = -4*i + 1. Let p be 50/(-10)*1/(-5). What is q(p)?
-3
Let d(i) be the first derivative of -i**2 + 3*i + 2. Suppose u - 3*u = -10. Determine d(u).
-7
Let d(v) = -4*v**3 + 10*v**2 - 3*v. Let a(f) = 9*f**3 - 21*f**2 + 7*f. Let s(l) = 6*a(l) + 13*d(l). Determine s(-2).
-6
Let j(h) = -1 + 6*h - 3*h**2 + 2*h**2 - 1. Suppose 5*b + 46 = -19. Let k = 18 + b. Calculate j(k).
3
Let l(z) = -z - 1. Let s be (13/65)/(1/5). Determine l(s).
-2
Let w(m) = -2*m - 10. Let y(p) = p + 5. Let s(l) = 4*w(l) + 9*y(l). Suppose 2*f = r + 4 + 1, 5 = -r. What is s(f)?
5
Let p(k) = -3*k + 3. Suppose -3*h + 25 = -4*n - 0*h, 3*h = -3. Let x be (-72)/n + (-12)/42. Let t = -7 + x. Give p(t).
-6
Suppose 4*y - 40 = 6*y. Let m = y + 16. Let i(t) = -t**3 - 4*t**2 + t + 5. Calculate i(m).
1
Let i(t) = -t**3 + 2*t**2 - 3*t + 1. Let r(h) = -h**3 + h**2 - h. Let u(l) = -i(l) + 2*r(l). Let b be (-6)/9 - 10/(-6). Determine u(b).
-1
Let k(x) be the second derivative of -x**5/20 + 7*x**4/12 - x**3/6 - 9*x**2/2 + x. Let f(t) = -t**3 + t**2 - 1. Let s(a) = 2*f(a) - k(a). Calculate s(-5).
2
Suppose 5*w - 15 = -5*f, -3*f + 4*w - 2*w = 1. Let c = 2 + f. Suppose 0 = -a - 8 + c. Let s(o) = o + 12. What is s(a)?
7
Let z(d) = 17*d**2 + 24*d + 4. Let a(n) = -4*n**2 - 6*n - 1. Let x = -7 + 9. Let l(p) = x*z(p) + 9*a(p). Calculate l(-4).
-9
Let z(r) = -r + 1. Let b(g) = -4*g + 2. Let m(j) = 2*b(j) - 6*z(j). Calculate m(-2).
2
Let j(s) = 2*s - 3. Suppose 6 + 2 = 4*w, 0 = p - w. Let h be (-3 + p)*(-21)/(-7). Determine j(h).
-9
Let t(z) be the second derivative of 0*z**2 + 0 - 4*z - 11/6*z**3. What is t(-1)?
11
Let n(u) = 4*u**3 + 5*u**2 + 5*u - 6. Let g(t) = -5*t**3 - 6*t**2 - 6*t + 6. Let k(q) = -5*g(q) - 6*n(q). Calculate k(0).
6
Let p(v) be the third derivative of v**4/24 + v**3/2 - 60*v**2. What is p(-9)?
-6
Let d(i) = -i**2 + 5*i - 2. Suppose -q - 3*k = -6*k - 3, 0 = 4*q - 4*k - 4. Suppose 3*f - 20 + 5 = q. Suppose -f = -2*n - 1. What is d(n)?
4
Let l(r) = r**2 + 8*r + 3. Let u(c) = -c**2 - 4*c - 2. Let w be u(-5). Let s be l(w). Let b(o) be the first derivative of o**2 + 4*o - 1. What is b(s)?
-4
Let b(q) be the second derivative of q**4/12 + 3*q**3/2 + 2*q**2 + 3*q. Give b(-8).
-4
Let x(z) = 6*z - z + 3 - 3*z - 4*z. Determine x(2).
-1
Let x(a) be the second derivative of -a**7/840 + a**4/24 - a**3/3 + 4*a. Let w(k) be the second derivative of x(k). Let m = -4 - -3. Determine w(m).
2
Let g = 2 - 0. Let b be g/((-3 - 1) + 2). Let t be (2/(-3))/(b/(-3)). Let f(q) = -q**3 - 3*q**2 - q - 1. Calculate f(t).
-3
Let h(c) = c**3 - 6*c**2 - 6*c - 3. Suppose 0 = 3*m + y - 24, 5*y - 22 = -m - 0. Let z be h(m). Let s(r) = -2*r**2 + 5*r + 2. What is s(z)?
-10
Let b(t) be the first derivative of 0*t - 1/3*t**3 + 1/2*t**2 + 1 - 1/24*t**4. Let z(m) be the second derivative of b(m). What is z(-4)?
2
Let x(g) = -3*g**3 - 6*g**2 + 3. Let k(f) = -f**3 - f**2 + f + 1. Let o = -18 + 17. Let u(r) = o*x(r) + 4*k(r). Determine u(3).
4
Let r(n) be the second derivative of -n**6/180 - n**5/20 - n**4/12 - n**3/3 - 3*n. Let j(z) be the second derivative of r(z). What is j(-4)?
-10
Let z(h) be the second derivative of h**4/12 + 3*h**2/2 + 5*h. Suppose -4*y - y = 0. Determine z(y).
3
Let t(g) = g**3 - 6*g**2 + 6*g - 4. Let x = -5 + 25. Suppose -z = 4*z - x. Determine t(z).
-12
Let p(k) be the second derivative of k**5/120 + 3*k**4/8 + k**3/3 + 2*k. Let x(b) be the second derivative of p(b). Give x(-5).
4
Let u(l) be the third derivative of l**4/24 - 5*l**3/6 - l**2. Suppose 0 = w - 5*r - 16, w = -3*w - 3*r + 18. What is u(w)?
1
Let c be (-12)/8 - 15/10. Let l(v) be the first derivative of v**3/3 - v**2/2 + 1. Determine l(c).
12
Let x(n) = -n - 8. Let z(h) = -h**2 + h - 1. Let q be z(-2). Calculate x(q).
-1
Let a(m) = m**3 - 6*m**2 + 6*m - 7. Let s = 28 - 23. Determine a(s).
-2
Suppose 7 = 4*n + 19. Let a(g) be the first derivative of 3*g**2 - 5*g + 2. Let x(f) = 5*f - 5. Let b(t) = n*x(t) + 2*a(t). Calculate b(4).
-7
Let d(x) = -x**3 + 3*x**2 + 2*x - 1. Let z be ((-12)/(-5))/(3/10). Let t = z + -2. Let c(h) = -h**3 + 7*h**2 - 5*h - 4. Let b be c(t). Give d(b).
7
Let f(a) = 2*a**3 - 2*a - 3 - 6*a**3 + 2. Let j(c) = -c**2 + c + 3. Let u be j(0). Suppose -5*s - 21 = 4*m, -m = -s - 0*m + u. Give f(s).
5
Let p(c) = -5*c**2 - c + 2. Let d be 28/21*9/6. What is p(d)?
-20
Let p be (0 + 2)*2/4. Suppose -n = p - 3. Let b(c) = 7*c - 6*c**n - 3*c**2 - 5 + 4*c**2 + 4*c**2. Give b(5).
5
Suppose x + 123 = 122. Let f(s) = -3*s**3 - 2*s**2 - 2*s - 1. Calculate f(x).
2
Suppose b - q + 29 = -4*b, -7 = 3*b + 2*q. Let w(m) = -m**3 + 2 + 3*m - 7*m**2 + 2*m**2 - 4*m. What is w(b)?
7
Let c(f) = -f**2 + 3*f + 5. Let q be c(5). Let g(d) = d**3 + 6*d**2 + 3*d. Give g(q).
10
Let h(z) = -z**2 + 7*z - 6. Let m be h(5). Suppose -j + 10 = m*j. Let x(k) = -5 + 0*k**2 + k**j - 3*k - 1. What is x(5)?
4
Let p(t) = -3*t + 3. Let o = -76 + 80.